{"id":28,"date":"2026-03-19T01:09:25","date_gmt":"2026-03-19T01:09:25","guid":{"rendered":"https:\/\/vitasocius.com.mx\/?page_id=28"},"modified":"2026-03-19T01:42:38","modified_gmt":"2026-03-19T01:42:38","slug":"principal","status":"publish","type":"page","link":"https:\/\/vitasocius.com.mx\/","title":{"rendered":"principal"},"content":{"rendered":"<p>[et_pb_section fb_built=\u00bb1&#8243; _builder_version=\u00bb4.27.5&#8243; _module_preset=\u00bbdefault\u00bb hover_enabled=\u00bb0&#8243; global_colors_info=\u00bb{}\u00bb title_text=\u00bbimagen-01&#8243; background_image=\u00bbhttps:\/\/vitasocius.com.mx\/wp-content\/uploads\/2026\/02\/imagen-01.png\u00bb sticky_enabled=\u00bb0&#8243; custom_padding=\u00bb307px||457px|||\u00bb background_enable_color=\u00bboff\u00bb][et_pb_row _builder_version=\u00bb4.27.5&#8243; _module_preset=\u00bbdefault\u00bb global_colors_info=\u00bb{}\u00bb custom_margin=\u00bb349px|auto||auto||\u00bb][et_pb_column type=\u00bb4_4&#8243; _builder_version=\u00bb4.27.5&#8243; _module_preset=\u00bbdefault\u00bb global_colors_info=\u00bb{}\u00bb][et_pb_text _builder_version=\u00bb4.27.5&#8243; _module_preset=\u00bbdefault\u00bb text_font_size=\u00bb32px\u00bb text_orientation=\u00bbcenter\u00bb hover_enabled=\u00bb0&#8243; global_colors_info=\u00bb{}\u00bb text_text_color=\u00bb#FFFFFF\u00bb sticky_enabled=\u00bb0&#8243; text_font_size_last_edited=\u00bbon|desktop\u00bb text_font_size_tablet=\u00bb32px\u00bb text_font_size_phone=\u00bb32px\u00bb]<\/p>\n<p>Expertos en pensiones<\/p>\n<p>[\/et_pb_text][\/et_pb_column][\/et_pb_row][et_pb_row _builder_version=\u00bb4.27.5&#8243; _module_preset=\u00bbdefault\u00bb global_colors_info=\u00bb{}\u00bb][et_pb_column type=\u00bb4_4&#8243; _builder_version=\u00bb4.27.5&#8243; _module_preset=\u00bbdefault\u00bb global_colors_info=\u00bb{}\u00bb][et_pb_text _builder_version=\u00bb4.27.5&#8243; _module_preset=\u00bbdefault\u00bb text_font_size=\u00bb22px\u00bb text_orientation=\u00bbcenter\u00bb hover_enabled=\u00bb0&#8243; global_colors_info=\u00bb{}\u00bb text_text_color=\u00bb#FFFFFF\u00bb sticky_enabled=\u00bb0&#8243; text_font_size_last_edited=\u00bbon|desktop\u00bb text_font_size_tablet=\u00bb22px\u00bb text_font_size_phone=\u00bb22px\u00bb]<\/p>\n<p>Compa\u00f1eros de vida<\/p>\n<p>[\/et_pb_text][\/et_pb_column][\/et_pb_row][\/et_pb_section][et_pb_section fb_built=\u00bb1&#8243; _builder_version=\u00bb4.27.5&#8243; _module_preset=\u00bbdefault\u00bb custom_padding=\u00bb3px||4px|||\u00bb global_colors_info=\u00bb{}\u00bb][et_pb_row _builder_version=\u00bb4.27.5&#8243; _module_preset=\u00bbdefault\u00bb global_colors_info=\u00bb{}\u00bb][et_pb_column type=\u00bb4_4&#8243; _builder_version=\u00bb4.27.5&#8243; _module_preset=\u00bbdefault\u00bb global_colors_info=\u00bb{}\u00bb][et_pb_image src=\u00bbhttps:\/\/vitasocius.com.mx\/wp-content\/uploads\/2026\/03\/sello.png\u00bb title_text=\u00bbsello\u00bb align=\u00bbcenter\u00bb _builder_version=\u00bb4.27.5&#8243; _module_preset=\u00bbdefault\u00bb custom_padding=\u00bb0px||0px|||\u00bb global_colors_info=\u00bb{}\u00bb][\/et_pb_image][\/et_pb_column][\/et_pb_row][\/et_pb_section][et_pb_section fb_built=\u00bb1&#8243; _builder_version=\u00bb4.27.5&#8243; _module_preset=\u00bbdefault\u00bb custom_padding=\u00bb||3px|||\u00bb global_colors_info=\u00bb{}\u00bb][et_pb_row _builder_version=\u00bb4.27.5&#8243; _module_preset=\u00bbdefault\u00bb global_colors_info=\u00bb{}\u00bb][et_pb_column type=\u00bb4_4&#8243; _builder_version=\u00bb4.27.5&#8243; _module_preset=\u00bbdefault\u00bb global_colors_info=\u00bb{}\u00bb][et_pb_text _builder_version=\u00bb4.27.5&#8243; _module_preset=\u00bbdefault\u00bb text_font_size=\u00bb32px\u00bb global_colors_info=\u00bb{}\u00bb]Nuestros servicios:[\/et_pb_text][\/et_pb_column][\/et_pb_row][et_pb_row _builder_version=\u00bb4.27.5&#8243; _module_preset=\u00bbdefault\u00bb global_colors_info=\u00bb{}\u00bb][et_pb_column type=\u00bb4_4&#8243; _builder_version=\u00bb4.27.5&#8243; _module_preset=\u00bbdefault\u00bb global_colors_info=\u00bb{}\u00bb][et_pb_text _builder_version=\u00bb4.27.5&#8243; _module_preset=\u00bbdefault\u00bb text_font_size=\u00bb23px\u00bb text_letter_spacing=\u00bb3px\u00bb text_line_height=\u00bb1.6em\u00bb custom_padding=\u00bb||0px|||\u00bb global_colors_info=\u00bb{}\u00bb]<\/p>\n<ul>\n<li>Empresas, Plan de Fortalecimiento Empresarial<\/li>\n<li>Personas<\/li>\n<li>Pensiones, Estudios y Estrategias<\/li>\n<li>Capacitaci\u00f3n, Asesor\u00eda y Consultor\u00eda,<\/li>\n<li>Finanzas personales<\/li>\n<li>Protecci\u00f3n, Seguros y Fianzas<\/li>\n<li>Financiamiento e Inversiones<\/li>\n<li>AFORE, Ahorro para el retiro<\/li>\n<li>Cr\u00e9ditos a pensionados<\/li>\n<li>Asistencia legal (comercial, civil y penal)<\/li>\n<li>Notar\u00eda<\/li>\n<li>Servicios Corporativos<\/li>\n<li>Gestor\u00eda especializada<\/li>\n<\/ul>\n<p>[\/et_pb_text][\/et_pb_column][\/et_pb_row][\/et_pb_section][et_pb_section fb_built=\u00bb1&#8243; theme_builder_area=\u00bbpost_content\u00bb _builder_version=\u00bb4.27.5&#8243; _module_preset=\u00bbdefault\u00bb custom_padding=\u00bb46px|||||\u00bb background_color=\u00bb#0C71C3&#8243; hover_enabled=\u00bb0&#8243; sticky_enabled=\u00bb0&#8243;][et_pb_row _builder_version=\u00bb4.27.5&#8243; _module_preset=\u00bbdefault\u00bb theme_builder_area=\u00bbpost_content\u00bb column_structure=\u00bb1_3,1_3,1_3&#8243;][et_pb_column _builder_version=\u00bb4.27.5&#8243; _module_preset=\u00bbdefault\u00bb type=\u00bb1_3&#8243; theme_builder_area=\u00bbpost_content\u00bb][et_pb_icon _builder_version=\u00bb4.27.5&#8243; _module_preset=\u00bbdefault\u00bb theme_builder_area=\u00bbpost_content\u00bb font_icon=\u00bb&#xe0ef;||divi||400&#8243; hover_enabled=\u00bb0&#8243; sticky_enabled=\u00bb0&#8243; icon_color=\u00bb#FFFFFF\u00bb icon_width=\u00bb32px\u00bb][\/et_pb_icon][et_pb_text _builder_version=\u00bb4.27.5&#8243; _module_preset=\u00bbdefault\u00bb hover_enabled=\u00bb0&#8243; global_colors_info=\u00bb{}\u00bb theme_builder_area=\u00bbpost_content\u00bb text_text_color=\u00bb#FFFFFF\u00bb sticky_enabled=\u00bb0&#8243;]<\/p>\n<p style=\"text-align: center;\"><strong>Av. Insurgentes Sur 1736 Int.202, Col. Florida, CP.01030. Alvaro Obreg\u00f3n<\/strong><\/p>\n<p>[\/et_pb_text][\/et_pb_column][et_pb_column _builder_version=\u00bb4.27.5&#8243; _module_preset=\u00bbdefault\u00bb type=\u00bb1_3&#8243; theme_builder_area=\u00bbpost_content\u00bb][et_pb_icon _builder_version=\u00bb4.27.5&#8243; _module_preset=\u00bbdefault\u00bb theme_builder_area=\u00bbpost_content\u00bb font_icon=\u00bb&#xe010;||divi||400&#8243; hover_enabled=\u00bb0&#8243; sticky_enabled=\u00bb0&#8243; icon_color=\u00bb#FFFFFF\u00bb icon_width=\u00bb32px\u00bb][\/et_pb_icon][et_pb_text _builder_version=\u00bb4.27.5&#8243; _module_preset=\u00bbdefault\u00bb hover_enabled=\u00bb0&#8243; global_colors_info=\u00bb{}\u00bb theme_builder_area=\u00bbpost_content\u00bb text_text_color=\u00bb#FFFFFF\u00bb sticky_enabled=\u00bb0&#8243;]<\/p>\n<p style=\"text-align: center;\"><strong>contacto@vitasocius.com<\/strong><\/p>\n<p>[\/et_pb_text][\/et_pb_column][et_pb_column _builder_version=\u00bb4.27.5&#8243; _module_preset=\u00bbdefault\u00bb type=\u00bb1_3&#8243; theme_builder_area=\u00bbpost_content\u00bb][et_pb_icon _builder_version=\u00bb4.27.5&#8243; _module_preset=\u00bbdefault\u00bb theme_builder_area=\u00bbpost_content\u00bb font_icon=\u00bb&#xf095;||fa||900&#8243; hover_enabled=\u00bb0&#8243; sticky_enabled=\u00bb0&#8243; icon_color=\u00bb#FFFFFF\u00bb icon_width=\u00bb32px\u00bb][\/et_pb_icon][et_pb_text _builder_version=\u00bb4.27.5&#8243; _module_preset=\u00bbdefault\u00bb hover_enabled=\u00bb0&#8243; global_colors_info=\u00bb{}\u00bb theme_builder_area=\u00bbpost_content\u00bb text_text_color=\u00bb#FFFFFF\u00bb sticky_enabled=\u00bb0&#8243;]<\/p>\n<p style=\"text-align: center;\"><strong>55 3232 3736<\/strong><\/p>\n<p>[\/et_pb_text][\/et_pb_column][\/et_pb_row][\/et_pb_section]<\/p>\n","protected":false},"excerpt":{"rendered":"<p>Expertos en pensionesCompa\u00f1eros de vidaNuestros servicios: Empresas, Plan de Fortalecimiento Empresarial Personas Pensiones, Estudios y Estrategias Capacitaci\u00f3n, Asesor\u00eda y Consultor\u00eda, Finanzas personales Protecci\u00f3n, Seguros y Fianzas Financiamiento e Inversiones AFORE, Ahorro para el retiro Cr\u00e9ditos a pensionados Asistencia legal (comercial, civil y penal) Notar\u00eda Servicios Corporativos Gestor\u00eda especializada Av. Insurgentes Sur 1736 Int.202, Col. Florida, [&hellip;]<\/p>\n","protected":false},"author":1,"featured_media":0,"parent":0,"menu_order":0,"comment_status":"closed","ping_status":"closed","template":"","meta":{"_et_pb_use_builder":"on","_et_pb_old_content":"","_et_gb_content_width":"","footnotes":""},"class_list":["post-28","page","type-page","status-publish","hentry"],"yoast_head":"<!-- This site is optimized with the Yoast SEO plugin v27.2 - https:\/\/yoast.com\/product\/yoast-seo-wordpress\/ -->\n<title>principal - vitasocius<\/title>\n<meta name=\"robots\" content=\"index, follow, max-snippet:-1, max-image-preview:large, max-video-preview:-1\" \/>\n<link rel=\"canonical\" href=\"https:\/\/vitasocius.com.mx\/\" \/>\n<meta property=\"og:locale\" content=\"es_ES\" \/>\n<meta property=\"og:type\" content=\"article\" \/>\n<meta property=\"og:title\" content=\"principal - vitasocius\" \/>\n<meta property=\"og:description\" content=\"Expertos en pensionesCompa\u00f1eros de vidaNuestros servicios: Empresas, Plan de Fortalecimiento Empresarial Personas Pensiones, Estudios y Estrategias Capacitaci\u00f3n, Asesor\u00eda y Consultor\u00eda, Finanzas personales Protecci\u00f3n, Seguros y Fianzas Financiamiento e Inversiones AFORE, Ahorro para el retiro Cr\u00e9ditos a pensionados Asistencia legal (comercial, civil y penal) Notar\u00eda Servicios Corporativos Gestor\u00eda especializada Av. Insurgentes Sur 1736 Int.202, Col. Florida, [&hellip;]\" \/>\n<meta property=\"og:url\" content=\"https:\/\/vitasocius.com.mx\/\" \/>\n<meta property=\"og:site_name\" content=\"vitasocius\" \/>\n<meta property=\"article:modified_time\" content=\"2026-03-19T01:42:38+00:00\" \/>\n<meta name=\"twitter:card\" content=\"summary_large_image\" \/>\n<script type=\"application\/ld+json\" class=\"yoast-schema-graph\">{\"@context\":\"https:\/\/schema.org\",\"@graph\":[{\"@type\":\"WebPage\",\"@id\":\"https:\/\/vitasocius.com.mx\/\",\"url\":\"https:\/\/vitasocius.com.mx\/\",\"name\":\"principal - vitasocius\",\"isPartOf\":{\"@id\":\"https:\/\/vitasocius.com.mx\/#website\"},\"datePublished\":\"2026-03-19T01:09:25+00:00\",\"dateModified\":\"2026-03-19T01:42:38+00:00\",\"breadcrumb\":{\"@id\":\"https:\/\/vitasocius.com.mx\/#breadcrumb\"},\"inLanguage\":\"es\",\"potentialAction\":[{\"@type\":\"ReadAction\",\"target\":[\"https:\/\/vitasocius.com.mx\/\"]}]},{\"@type\":\"BreadcrumbList\",\"@id\":\"https:\/\/vitasocius.com.mx\/#breadcrumb\",\"itemListElement\":[{\"@type\":\"ListItem\",\"position\":1,\"name\":\"Portada\",\"item\":\"https:\/\/vitasocius.com.mx\/\"},{\"@type\":\"ListItem\",\"position\":2,\"name\":\"principal\"}]},{\"@type\":\"WebSite\",\"@id\":\"https:\/\/vitasocius.com.mx\/#website\",\"url\":\"https:\/\/vitasocius.com.mx\/\",\"name\":\"vitasocius\",\"description\":\"\",\"potentialAction\":[{\"@type\":\"SearchAction\",\"target\":{\"@type\":\"EntryPoint\",\"urlTemplate\":\"https:\/\/vitasocius.com.mx\/?s={search_term_string}\"},\"query-input\":{\"@type\":\"PropertyValueSpecification\",\"valueRequired\":true,\"valueName\":\"search_term_string\"}}],\"inLanguage\":\"es\"}]}<\/script>\n<!-- \/ Yoast SEO plugin. -->","yoast_head_json":{"title":"principal - vitasocius","robots":{"index":"index","follow":"follow","max-snippet":"max-snippet:-1","max-image-preview":"max-image-preview:large","max-video-preview":"max-video-preview:-1"},"canonical":"https:\/\/vitasocius.com.mx\/","og_locale":"es_ES","og_type":"article","og_title":"principal - vitasocius","og_description":"Expertos en pensionesCompa\u00f1eros de vidaNuestros servicios: Empresas, Plan de Fortalecimiento Empresarial Personas Pensiones, Estudios y Estrategias Capacitaci\u00f3n, Asesor\u00eda y Consultor\u00eda, Finanzas personales Protecci\u00f3n, Seguros y Fianzas Financiamiento e Inversiones AFORE, Ahorro para el retiro Cr\u00e9ditos a pensionados Asistencia legal (comercial, civil y penal) Notar\u00eda Servicios Corporativos Gestor\u00eda especializada Av. Insurgentes Sur 1736 Int.202, Col. Florida, [&hellip;]","og_url":"https:\/\/vitasocius.com.mx\/","og_site_name":"vitasocius","article_modified_time":"2026-03-19T01:42:38+00:00","twitter_card":"summary_large_image","schema":{"@context":"https:\/\/schema.org","@graph":[{"@type":"WebPage","@id":"https:\/\/vitasocius.com.mx\/","url":"https:\/\/vitasocius.com.mx\/","name":"principal - vitasocius","isPartOf":{"@id":"https:\/\/vitasocius.com.mx\/#website"},"datePublished":"2026-03-19T01:09:25+00:00","dateModified":"2026-03-19T01:42:38+00:00","breadcrumb":{"@id":"https:\/\/vitasocius.com.mx\/#breadcrumb"},"inLanguage":"es","potentialAction":[{"@type":"ReadAction","target":["https:\/\/vitasocius.com.mx\/"]}]},{"@type":"BreadcrumbList","@id":"https:\/\/vitasocius.com.mx\/#breadcrumb","itemListElement":[{"@type":"ListItem","position":1,"name":"Portada","item":"https:\/\/vitasocius.com.mx\/"},{"@type":"ListItem","position":2,"name":"principal"}]},{"@type":"WebSite","@id":"https:\/\/vitasocius.com.mx\/#website","url":"https:\/\/vitasocius.com.mx\/","name":"vitasocius","description":"","potentialAction":[{"@type":"SearchAction","target":{"@type":"EntryPoint","urlTemplate":"https:\/\/vitasocius.com.mx\/?s={search_term_string}"},"query-input":{"@type":"PropertyValueSpecification","valueRequired":true,"valueName":"search_term_string"}}],"inLanguage":"es"}]}},"_links":{"self":[{"href":"https:\/\/vitasocius.com.mx\/index.php\/wp-json\/wp\/v2\/pages\/28","targetHints":{"allow":["GET"]}}],"collection":[{"href":"https:\/\/vitasocius.com.mx\/index.php\/wp-json\/wp\/v2\/pages"}],"about":[{"href":"https:\/\/vitasocius.com.mx\/index.php\/wp-json\/wp\/v2\/types\/page"}],"author":[{"embeddable":true,"href":"https:\/\/vitasocius.com.mx\/index.php\/wp-json\/wp\/v2\/users\/1"}],"replies":[{"embeddable":true,"href":"https:\/\/vitasocius.com.mx\/index.php\/wp-json\/wp\/v2\/comments?post=28"}],"version-history":[{"count":9,"href":"https:\/\/vitasocius.com.mx\/index.php\/wp-json\/wp\/v2\/pages\/28\/revisions"}],"predecessor-version":[{"id":50,"href":"https:\/\/vitasocius.com.mx\/index.php\/wp-json\/wp\/v2\/pages\/28\/revisions\/50"}],"wp:attachment":[{"href":"https:\/\/vitasocius.com.mx\/index.php\/wp-json\/wp\/v2\/media?parent=28"}],"curies":[{"name":"wp","href":"https:\/\/api.w.org\/{rel}","templated":true}]}}